{"id":215,"date":"2013-11-27T18:35:34","date_gmt":"2013-11-27T17:35:34","guid":{"rendered":"http:\/\/gartenfreunde-grafschaftbentheim.de\/?page_id=215"},"modified":"2026-03-14T14:50:26","modified_gmt":"2026-03-14T13:50:26","slug":"06-garten-herstel-nordhorn","status":"publish","type":"page","link":"https:\/\/gartenfreunde-grafschaft-emsland.de\/?page_id=215","title":{"rendered":"04 Garten Herstel &#8211; Nordhorn"},"content":{"rendered":"\n<p>Unser <strong>farbenfroher Naturgarten<\/strong> befindet sich auf einem 4.500 qm gro\u00dfen Grundst\u00fcck mit Wald direkt an der Vechte. Jedes Fr\u00fchjahr sind wir gespannt wie Obstb\u00e4ume, Blumenbeete, Str\u00e4ucher und Stauden gedeihen. Wir laden Sie ein, unsere Sitzpl\u00e4tze zu nutzen oder auf den Rasenwegen zu wandern.<\/p>\n\n\n\n<div class=\"wp-block-buttons is-content-justification-center is-layout-flex wp-container-core-buttons-is-layout-5e6b19ed wp-block-buttons-is-layout-flex\">\n<div class=\"wp-block-button\"><a class=\"wp-block-button__link has-black-color has-electric-grass-gradient-background has-text-color has-background has-link-color has-text-align-center wp-element-button\" href=\"https:\/\/gartenfreunde-grafschaft-emsland.de\/?page_id=477\" style=\"padding-top:var(--wp--preset--spacing--20);padding-bottom:var(--wp--preset--spacing--20)\"><strong>Fotos<\/strong><\/a><\/div>\n<\/div>\n\n\n\n<p><\/p>\n\n\n\n<p><strong>Kontakt<br \/><\/strong>Eljo und Dick Herstel<br \/>Heseper Weg 226B, 48531 Nordhorn<br \/>Telefon: 05921\/1796 776<\/p>\n\n\n\n<div class=\"wp-block-buttons is-content-justification-center is-layout-flex wp-container-core-buttons-is-layout-5e6b19ed wp-block-buttons-is-layout-flex\">\n<div class=\"wp-block-button\"><a class=\"wp-block-button__link has-black-color has-electric-grass-gradient-background has-text-color has-background has-link-color has-text-align-center wp-element-button\" href=\"https:\/\/goo.gl\/maps\/7VFkMwX83r62\" style=\"padding-top:var(--wp--preset--spacing--20);padding-bottom:var(--wp--preset--spacing--20)\" target=\"_blank\" rel=\"noreferrer noopener\"><strong>Google Maps<\/strong><\/a><\/div>\n<\/div>\n\n\n\n<p><\/p>\n\n\n\n<p><strong>\u00d6ffnungszeiten 2026<br \/><\/strong>Sonntag, 31 Mai<br \/>Sonntag, 28. Juni<br \/>Sonntag, 26. Juli<br \/>Sonntag, 30. August<\/p>\n\n\n\n<p>Jeweils von 12 bis 18 Uhr<\/p>\n\n\n\n<p>Eintritt: 3,00 \u20ac, Kinder frei<\/p>\n","protected":false},"excerpt":{"rendered":"<p>Unser farbenfroher Naturgarten befindet sich auf einem 4.500 qm gro\u00dfen Grundst\u00fcck mit Wald direkt an der Vechte. Jedes Fr\u00fchjahr sind wir gespannt wie Obstb\u00e4ume, Blumenbeete, Str\u00e4ucher und Stauden gedeihen. Wir laden Sie ein, unsere Sitzpl\u00e4tze zu nutzen oder auf den Rasenwegen zu wandern. KontaktEljo und Dick HerstelHeseper Weg 226B, 48531 NordhornTelefon: 05921\/1796 776 \u00d6ffnungszeiten 2026Sonntag, [&hellip;]<\/p>\n","protected":false},"author":8,"featured_media":0,"parent":0,"menu_order":40,"comment_status":"closed","ping_status":"closed","template":"","meta":{"footnotes":""},"class_list":["post-215","page","type-page","status-publish","hentry"],"_links":{"self":[{"href":"https:\/\/gartenfreunde-grafschaft-emsland.de\/index.php?rest_route=\/wp\/v2\/pages\/215","targetHints":{"allow":["GET"]}}],"collection":[{"href":"https:\/\/gartenfreunde-grafschaft-emsland.de\/index.php?rest_route=\/wp\/v2\/pages"}],"about":[{"href":"https:\/\/gartenfreunde-grafschaft-emsland.de\/index.php?rest_route=\/wp\/v2\/types\/page"}],"author":[{"embeddable":true,"href":"https:\/\/gartenfreunde-grafschaft-emsland.de\/index.php?rest_route=\/wp\/v2\/users\/8"}],"replies":[{"embeddable":true,"href":"https:\/\/gartenfreunde-grafschaft-emsland.de\/index.php?rest_route=%2Fwp%2Fv2%2Fcomments&post=215"}],"version-history":[{"count":0,"href":"https:\/\/gartenfreunde-grafschaft-emsland.de\/index.php?rest_route=\/wp\/v2\/pages\/215\/revisions"}],"wp:attachment":[{"href":"https:\/\/gartenfreunde-grafschaft-emsland.de\/index.php?rest_route=%2Fwp%2Fv2%2Fmedia&parent=215"}],"curies":[{"name":"wp","href":"https:\/\/api.w.org\/{rel}","templated":true}]}}