{"id":3676,"date":"2018-03-01T17:37:45","date_gmt":"2018-03-01T16:37:45","guid":{"rendered":"http:\/\/localhost\/gartenfreunde-grafschaftbentheim.de\/?page_id=3676"},"modified":"2026-03-14T17:41:45","modified_gmt":"2026-03-14T16:41:45","slug":"16-garten-wessing-lingen-biene","status":"publish","type":"page","link":"https:\/\/gartenfreunde-grafschaft-emsland.de\/?page_id=3676","title":{"rendered":"03 Garten Wessing &#8211; Lingen-Biene"},"content":{"rendered":"\n<p>Das Gartengrundst\u00fcck liegt im Landschaftsschutzgebiet Emstal, direkt am &#8222;Biener Busch&#8220;. Auf dem ca. 2000 qm gro\u00dfen Grundst\u00fcck beginnt das Gartenjahr mit einem Bl\u00fctenmeer aus Fr\u00fchlingsblumen. Verschiedene Geh\u00f6lze, farbenfrohe Stauden, einen gro\u00dfe Anzahl unterschiedlicher Rosen und Gr\u00e4ser begleiten uns ganzj\u00e4hrig in einem bunten Mix. Mehrere liebevoll gestaltete Sitzpl\u00e4tze und lauschige Ruhezonen laden zum Verweilen ein.<br \/><br \/>Es gibt viel zu entdecken&#8230; Wir freuen uns auf Ihren\/Euren Besuch.<\/p>\n\n\n\n<div class=\"wp-block-buttons is-content-justification-center is-layout-flex wp-container-core-buttons-is-layout-16018d1d wp-block-buttons-is-layout-flex\">\n<div class=\"wp-block-button\"><a class=\"wp-block-button__link has-black-color has-electric-grass-gradient-background has-text-color has-background has-link-color has-text-align-center wp-element-button\" href=\"https:\/\/gartenfreunde-grafschaft-emsland.de\/?page_id=3684\" style=\"padding-top:var(--wp--preset--spacing--20);padding-bottom:var(--wp--preset--spacing--20)\"><strong>Fotos<\/strong><\/a><\/div>\n<\/div>\n\n\n\n<p><\/p>\n\n\n\n<p><strong>Kontakt<\/strong><br \/> Sabine und Christoph Wessing<br \/> Im L\u00e4germarsch 5, 49808 Lingen-Biene<br \/> Telefon: 05907\/7756<br \/> Mail: <a href=\"mailto:%0A%20%20s-wessing@web.de%0A%20%20\">s-wessing@web.de<\/a><\/p>\n\n\n\n<div class=\"wp-block-buttons is-content-justification-center is-layout-flex wp-container-core-buttons-is-layout-16018d1d wp-block-buttons-is-layout-flex\">\n<div class=\"wp-block-button\"><a class=\"wp-block-button__link has-black-color has-electric-grass-gradient-background has-text-color has-background has-link-color has-text-align-center wp-element-button\" href=\"https:\/\/goo.gl\/maps\/2KTtdCFmavj\" style=\"padding-top:var(--wp--preset--spacing--20);padding-bottom:var(--wp--preset--spacing--20)\" target=\"_blank\" rel=\"noreferrer noopener\"><strong>Google Maps<\/strong><\/a><\/div>\n<\/div>\n\n\n\n<p><\/p>\n\n\n\n<p><strong>\u00d6ffnungszeiten 2026<br \/><\/strong>Sonntag, 14. Juni von 11:00-18:00 Uhr<\/p>\n\n\n\n<p>Eintritt: 2 \u20ac pro Person<\/p>\n\n\n\n<p><strong>&nbsp;<\/strong><\/p>\n\n\n\n<p><\/p>\n","protected":false},"excerpt":{"rendered":"<p>Das Gartengrundst\u00fcck liegt im Landschaftsschutzgebiet Emstal, direkt am &#8222;Biener Busch&#8220;. Auf dem ca. 2000 qm gro\u00dfen Grundst\u00fcck beginnt das Gartenjahr mit einem Bl\u00fctenmeer aus Fr\u00fchlingsblumen. Verschiedene Geh\u00f6lze, farbenfrohe Stauden, einen gro\u00dfe Anzahl unterschiedlicher Rosen und Gr\u00e4ser begleiten uns ganzj\u00e4hrig in einem bunten Mix. Mehrere liebevoll gestaltete Sitzpl\u00e4tze und lauschige Ruhezonen laden zum Verweilen ein. Es [&hellip;]<\/p>\n","protected":false},"author":8,"featured_media":0,"parent":0,"menu_order":30,"comment_status":"closed","ping_status":"closed","template":"","meta":{"footnotes":""},"class_list":["post-3676","page","type-page","status-publish","hentry"],"_links":{"self":[{"href":"https:\/\/gartenfreunde-grafschaft-emsland.de\/index.php?rest_route=\/wp\/v2\/pages\/3676","targetHints":{"allow":["GET"]}}],"collection":[{"href":"https:\/\/gartenfreunde-grafschaft-emsland.de\/index.php?rest_route=\/wp\/v2\/pages"}],"about":[{"href":"https:\/\/gartenfreunde-grafschaft-emsland.de\/index.php?rest_route=\/wp\/v2\/types\/page"}],"author":[{"embeddable":true,"href":"https:\/\/gartenfreunde-grafschaft-emsland.de\/index.php?rest_route=\/wp\/v2\/users\/8"}],"replies":[{"embeddable":true,"href":"https:\/\/gartenfreunde-grafschaft-emsland.de\/index.php?rest_route=%2Fwp%2Fv2%2Fcomments&post=3676"}],"version-history":[{"count":0,"href":"https:\/\/gartenfreunde-grafschaft-emsland.de\/index.php?rest_route=\/wp\/v2\/pages\/3676\/revisions"}],"wp:attachment":[{"href":"https:\/\/gartenfreunde-grafschaft-emsland.de\/index.php?rest_route=%2Fwp%2Fv2%2Fmedia&parent=3676"}],"curies":[{"name":"wp","href":"https:\/\/api.w.org\/{rel}","templated":true}]}}